hat are the prime factors of (1 + o)*13/(-26)?
89
Let f = 499 + -79. What are the prime factors of f?
2, 3, 5, 7
Let l(o) = 20*o**2 - 5*o - 1. List the prime factors of l(-2).
89
Suppose 16*a - 3*a + 1222 = 0. Let d = 98 + a. What are the prime factors of d?
2
Suppose 2*m - 982 = -z, -2*z = -5*m - z + 2469. What are the prime factors of m?
17, 29
Let o(q) = -q**2 - 29*q - 48. Suppose 33 = -3*p - 21. What are the prime factors of o(p)?
2, 3, 5
Suppose -5*w - 7*l + 6*l = -12, 0 = -w + 4*l + 15. Suppose w*s - 4*s + 229 = 0. List the prime factors of s.
229
List the prime factors of (-2)/12 + (-6)/(-108)*12171.
2, 13
Let i be ((-26)/39)/(1/9*-1). List the prime factors of (3465/6)/7 + (-3)/i.
2, 41
Let p = 10 + -27. Let x = p + 13. What are the prime factors of (-248)/x - (-4 + 3)?
3, 7
Let b = -889 + 2109. List the prime factors of b.
2, 5, 61
Let u(k) = 7*k**2 - 12*k - 14. List the prime factors of u(11).
701
Let w = -2714 + 5146. What are the prime factors of w?
2, 19
Let b be 6/(0 - -1)*-10. Suppose 24*s - 17*s + 749 = 0. Let r = b - s. List the prime factors of r.
47
Let w(l) = 0 + 57*l**2 + 9 - 41*l**2 + 8*l. Let u be w(9). What are the prime factors of 1/(-4) - u/(-36)?
2, 19
Let l(b) = b**2 - 232. What are the prime factors of l(-42)?
2, 383
List the prime factors of (1/(7/(-6055)))/(-1).
5, 173
Let u be (14/4)/(4/8). Suppose -u*v = -6*v - 12. Suppose 0*y + v = y. List the prime factors of y.
2, 3
Let v = 17 - 34. Let g = v - -21. Suppose 14 = -g*j + 50. List the prime factors of j.
3
Let p = -17 - -18. Let h(o) = o**2 + o. Let f be h(p). Suppose f*r - 29 = 1. What are the prime factors of r?
3, 5
Let a(j) = -j. Suppose 0 = -2*t - t - 30. Let n be a(t). List the prime factors of n*(-4)/(-4) + -2.
2
List the prime factors of (20680/25)/2 - 6/10.
7, 59
Suppose -5*m + 3*m = -8. Let t(d) = 28*d. What are the prime factors of t(m)?
2, 7
Let d(y) = -y**2 - 9*y - 4. Let c be d(-7). Suppose 112 = -14*g + c*g. What are the prime factors of (-257)/(-7) + g/(-98)?
37
Let r(h) = -7*h**2 - 7*h - 5. Let a(l) = -15 - 23*l**2 - 16*l - 16*l + 11*l + 3*l**2. Let k(m) = -6*a(m) + 17*r(m). List the prime factors of k(-7).
5
Let l(d) = -d**3 - 2*d**2 - d + 73. Let i be 0/((4/16)/(2/8)). List the prime factors of l(i).
73
Let h(k) = 1185*k + 1. List the prime factors of h(1).
2, 593
Let f(d) = d**3 - 6*d**2 + 2*d - 12. List the prime factors of f(7).
3, 17
List the prime factors of -6*(2 + 8)*-5.
2, 3, 5
Let g(b) = 2*b**3 - 10*b**2 + 19*b - 4. What are the prime factors of g(8)?
2, 7, 19
Let d(o) = -37*o**3 - o**2 - o - 2. Let r(j) = 75*j**3 + 2*j**2 + 2*j + 5. Let g(h) = -7*d(h) - 3*r(h). List the prime factors of g(1).
5, 7
Let q be 2544/36*(0 + (-3)/(-2)). Suppose 38 - 13 = -5*g, 3*z - 5*g = q. List the prime factors of z.
3
Suppose 6*k = k. Suppose -135 = -5*z - k*z. List the prime factors of z.
3
Let t(y) = -33*y + 2073. List the prime factors of t(0).
3, 691
Let t be 5 - (-1 + 4 + -3). Suppose c = 5*g - 3*c - 90, -4*g + 113 = t*c. What are the prime factors of g?
2, 11
Let y(i) = -11*i**3 + 6*i**2 - 15*i + 17. List the prime factors of y(-7).
59, 71
Suppose -4*b - 3 - 1 = 0. Let q be 14 + 2 - (-1 + b). Suppose -3*k = -3*o - q, k - 3 + 2 = -4*o. List the prime factors of k.
5
Let y = 1260 - 683. Let b = y + -350. List the prime factors of b.
227
Suppose -7*s - 4*s + 5280 = 0. What are the prime factors of s?
2, 3, 5
Let g be -1 + (1 - (-40 + 0)). Let l be -3 + 31 - (-2 - 4/(-4)). Let j = g - l. List the prime factors of j.
11
Suppose 12*s + 2620 = 13*s. What are the prime factors of s?
2, 5, 131
Suppose -2*x + x - 5*l = -12, l + 12 = -5*x. Let v = 18 + x. Suppose -v*q = -17*q + 72. List the prime factors of q.
2, 3
Let a = 10 + -21. Let k = a + 18. Let l = 17 - k. What are the prime factors of l?
2, 5
Suppose 22 = -2*g - 2. Let v be ((-3)/(-2))/((-6)/g). List the prime factors of -1 + 13 - (1 - v).
2, 7
Let p(k) = k**3 + 5*k**2 + 19*k + 41. What are the prime factors of p(13)?
2, 3, 5, 37
List the prime factors of 4/(-6)*(-101154)/92.
733
Let z(y) = y**2 - 4*y - 52. What are the prime factors of z(-10)?
2, 11
What are the prime factors of (3261/2)/(-3)*(-85 - -83)?
1087
Let r(h) = 25*h**2 + 3*h + 25. List the prime factors of r(-4).
7, 59
What are the prime factors of 10/(200/77470) - (-6)/(-4)?
2, 11
Suppose 0 = 2*y + 417 - 1531. List the prime factors of y.
557
Let t = 59 + -39. Suppose -f = 4*f - t. Suppose 30 = r - f*z, 2*z = -2*r - 0*r + 50. List the prime factors of r.
2, 13
Let o = 4339 + -2279. List the prime factors of o.
2, 5, 103
Suppose -4*v - 5*m = -12061, 2*v + v - 9051 = -2*m. List the prime factors of v.
3019
Suppose 11*b - 28938 = 4997. What are the prime factors of b?
5, 617
Suppose 2*d + 0 = 10, -15 = 5*j - 2*d. List the prime factors of ((-291)/21 - j)/((-6)/84).
2, 3, 5
Let v = -938 - -1346. List the prime factors of v.
2, 3, 17
Let b(m) be the first derivative of m**4/4 - 3*m**3 + 7*m**2/2 + 11*m - 4. Let h be b(8). Suppose -9 + 30 = h*g. List the prime factors of g.
7
Suppose -3*c - 12 = -0, -3*u + 2*c = -14. Suppose -2*g = -4*s - 54, 0*s + 33 = -u*s + 3*g. Let v = 18 + s. What are the prime factors of v?
2, 3
Let j(c) = 7*c**2 - 2*c + 0*c + 4*c - c**3 + 2*c**3. Suppose 0*a + 3*a + 9 = 0. What are the prime factors of j(a)?
2, 3, 5
Let f be (-6406)/(-7) + (450/(-63) - -7). Suppose -1165 = -8*w + f. List the prime factors of w.
2, 5, 13
Suppose -15*v + 38412 = -12183. List the prime factors of v.
3373
Suppose -10 = -2*u + u. Let z be (-6)/u + (-372)/(-20). List the prime factors of (60/(-18))/((-2)/z).
2, 3, 5
Suppose -1083 - 1323 = -6*d. List the prime factors of d.
401
Let c = 24 - 22. Let v(s) = 5*s**2 - 17*s**2 - 1 + 38*s**c. What are the prime factors of v(1)?
5
Suppose 0 = 38*b - 23876 - 135572. List the prime factors of b.
2, 1049
Let q(o) = o**2 - 4*o - 8. Let s be q(-6). Suppose 0*m + 4*m - s = -4*n, 4*n - 12 = 4*m. Let b = n - 1. List the prime factors of b.
7
Suppose 5*m + 17 = -8, -2*n - 4*m + 1848 = 0. What are the prime factors of n?
2, 467
Let m(t) = t - 13. Let o be m(10). Let g be (1 - o)*-1 + -1. Let y = 14 - g. What are the prime factors of y?
19
Let x = 0 + -6. Let c be (-70)/9 + x/27. Let w(l) = -l + 6. List the prime factors of w(c).
2, 7
Let d = 261 - 402. Let g = d - -272. List the prime factors of g.
131
Let b(j) = 3 + 6 - 2 - 2 - 47*j. List the prime factors of b(-3).
2, 73
Suppose -r + 2*i = -5*r + 12, 2*i - 8 = -3*r. Suppose -30 = -c - r*c. Suppose c*n - 20 = 2*n. List the prime factors of n.
5
Let j(s) = -s**3 + 5*s**2 + 5*s + 3. Let h be j(5). Let c = -6 + h. List the prime factors of c.
2, 11
Let v(m) = m**2 - 7*m + 10. Let h be v(5). Suppose 4*r - 418 - 30 = h. Let a = r + -60. List the prime factors of a.
2, 13
Let c(y) = 43*y**2 - 3*y - 2. What are the prime factors of c(-4)?
2, 349
Suppose -9*v - v + 7220 = 0. What are the prime factors of v?
2, 19
Let v(y) = -y**3 + 3*y**2 + 6*y - 3. Let a be v(4). Suppose -5 = -0*k + 4*k - a*o, -3*o + 20 = k. Suppose -k*b + 227 = 47. List the prime factors of b.
2, 3
List the prime factors of 3 - 12/9 - 32848/(-48).
2, 7
Suppose -2*k = -4*x - 984, -x - 278 = 2*k - 1237. What are the prime factors of k?
2, 241
List the prime factors of (-12)/6 - -92 - -2.
2, 23
Let f(h) = -h**2 - 42*h + 148. What are the prime factors of f(-25)?
3, 191
What are the prime factors of 2/(-8) - 2/(40/(-12245))?
2, 3, 17
Let k(s) = 5*s - 5. Let g be k(2). What are the prime factors of (-8)/2 - -8*g?
2, 3
Suppose 0 = 2*p + 4*c - 12, 5*c - 7 = -p + 2*c. Suppose -m = -p*m + 192. List the prime factors of m.
2
Let y = 2784 + -1740. What are the prime factors of y?
2, 3, 29
Let f be (21/12 - (-2)/8) + 255. Let q = f + -107. What are the prime factors of q?
2, 3, 5
Suppose 0 = a + 3*f - 15, -5*a + 2*f - f = -75. Let m be 4/(-3)*a/(-5). List the prime factors of m + 9/(-3) + 17.
2, 3
Let u = -82 + 86. Suppose -5*d = 2*w + 10, -d - 2 = -0*w + 5*w. Suppose 5*m - u*m - 47 = w. List the prime factors of m.
47
Let o = 24 + -22. Suppose 0*z - o = -z. Suppose -3*m + 144 + 51 = 3*a, z*m = 3*a - 220. What are the prime factors of a?
2, 5, 7
Let r(m) = m**2 + 1 + 2*m**2 - m**3 - 8*m**2. Let s be r(-2). Let j = s + 13. List the prime factors of j.
2
Let d(m) = -m**3 - 11*m**2 + 13*m + 8. Let c be (-8